*h - 9. Give b(4).
-5
Let b(n) = 4*n - 19. Determine b(3).
-7
Let v(z) = 2*z + 18. What is v(-6)?
6
Let c(g) = -2*g**2 + 8*g + 25. Give c(7).
-17
Let h(w) = 12*w + 56. Calculate h(-4).
8
Let g(j) = 6*j - 5. Determine g(2).
7
Let m(o) = o**3 + 12*o**2 + 7*o + 3. Calculate m(-11).
47
Let j(n) = n**2 + 15*n + 2. Calculate j(-5).
-48
Let w(j) = -2*j**2 - j + 7. What is w(6)?
-71
Let n(g) = 12*g**2 - 420*g + 11. Give n(35).
11
Let u(n) = 3*n - 1. What is u(-5)?
-16
Let s(n) = -12*n**2 - 5. Calculate s(3).
-113
Let a(o) = -2*o - 19. Calculate a(7).
-33
Let d(u) = -5*u**3 + 5*u - 2. Calculate d(2).
-32
Let u(n) = -n**3 + 7*n**2 - n - 7. Calculate u(7).
-14
Let z(b) = -11*b - 61. Give z(-6).
5
Let d(q) = q**2 - 4*q - 17. Calculate d(8).
15
Let v(w) = 3*w - 23. Give v(15).
22
Let n(x) = x**2 - 15*x - 3. Calculate n(9).
-57
Let b(q) = q**2 - 13*q + 17. Calculate b(9).
-19
Let x(v) = -3*v + 2. Give x(0).
2
Let x(k) = 5*k - 2. Give x(2).
8
Let w(l) = 2*l**2 + 34*l + 28. Determine w(-16).
-4
Let a(o) = 17*o + 4. Determine a(3).
55
Let w(d) = -d**3 + 7*d**2 - 2*d + 6. Calculate w(7).
-8
Let x(k) = -5*k**3 - 4*k**2 + 4*k + 2. Determine x(2).
-46
Let o(i) = i**2 + 43*i + 161. Determine o(-39).
5
Let y(i) = 17*i**2 - i + 1. Give y(-1).
19
Let a(d) = -8*d + 20. Give a(3).
-4
Let r(u) = 2*u + 13. Give r(-11).
-9
Let i(p) = 2*p - 2. What is i(11)?
20
Let c(q) = q - 29. Determine c(-12).
-41
Let x(w) = -w**2 - w + 4. Give x(-7).
-38
Let t(q) = q**2 + 5*q + 9. Calculate t(-6).
15
Let q(n) = -n**3 - 7*n**2 - 6*n + 12. What is q(-6)?
12
Let s(r) = r**3 - 21*r**2 + 20*r - 17. Give s(20).
-17
Let g(j) = -12*j**2 - 2*j + 2. Give g(-2).
-42
Let x(o) = 2*o**3 + 6*o**2 - 7*o - 20. Determine x(-3).
1
Let u(v) = -40*v - 276. Determine u(-7).
4
Let s(x) = 23*x + 84. Determine s(-4).
-8
Let n(p) = 19*p + 1238. Determine n(-65).
3
Let h(d) = 6*d**2 + 11*d - 3. Determine h(1).
14
Let a(k) = -36*k + 2. Calculate a(1).
-34
Let y(s) = -s**3 - 3*s**2 + 6*s + 4. Calculate y(-4).
-4
Let t(c) = -4*c**2 - 12*c + 12. What is t(1)?
-4
Let s(p) = 2*p**3 + 9*p**2 + 12*p - 9. What is s(-3)?
-18
Let c(q) = q**3 - 7*q**2 + 7*q + 3. Give c(6).
9
Let g(t) = -2*t**2 + 24*t + 54. Give g(14).
-2
Let f(q) = -q - 30. Give f(-11).
-19
Let d(q) = q**3 + 9*q**2 - 12*q - 20. Calculate d(-7).
162
Let j(y) = -2*y + 14. Calculate j(-13).
40
Let c(s) = -61*s + 367. Calculate c(6).
1
Let d(y) = -y**2 + 4*y + 6. Give d(6).
-6
Let u(d) = -37*d + 10. What is u(2)?
-64
Let t(q) = 9*q**3 - 3*q**2 - 4*q - 3. Give t(-2).
-79
Let q(z) = -3*z**2 + 22*z - 4. What is q(7)?
3
Let a(z) = -2*z**2 + 3*z - 2. Determine a(2).
-4
Let u(f) = f**3 + 6*f**2 - f - 2. Give u(-7).
-44
Let z(j) = -j**2 + 6*j + 40. What is z(8)?
24
Let h(q) = q**2 - 6*q. Calculate h(4).
-8
Let s(j) = -2*j + 49. What is s(6)?
37
Let l(x) = -7*x - 17. Determine l(0).
-17
Let n(f) = -f**3 + 4*f**2 + 4*f - 14. What is n(5)?
-19
Let c(d) = -d**3 + d**2 + 9*d - 12. Give c(6).
-138
Let m(x) = -x**3 + 7*x**2 + 11*x - 12. What is m(8)?
12
Let a(g) = -g**2 + 9*g - 2. Determine a(9).
-2
Let i(d) = 49*d**3 + 3*d**2 + d - 1. Determine i(-1).
-48
Let s(q) = 2*q + 44. Calculate s(15).
74
Let z(l) = -l - 8. Determine z(-5).
-3
Let h(b) = -3*b**2 - b. Calculate h(-2).
-10
Let j(x) = 4*x**2 - x + 1. Determine j(1).
4
Let s(f) = 97*f**2 - 3*f + 3. Determine s(1).
97
Let s(o) = -2*o - 17. What is s(12)?
-41
Let x(p) = 26*p + 59. Give x(-2).
7
Let h(o) = 6*o - 2. Give h(2).
10
Let b(t) = 6*t + 86. Give b(-14).
2
Let a(s) = -9*s - 5. Calculate a(4).
-41
Let j(a) = -3*a**3 - 5*a**2 - 3*a. Determine j(-4).
124
Let v(l) = -l**2 + 24*l - 92. What is v(7)?
27
Let z(g) = -g**3 - 9*g**2 + 8*g + 11. Determine z(-10).
31
Let g(h) = -7*h + 3. What is g(4)?
-25
Let d(h) = -3*h - 7. Give d(5).
-22
Let v(m) = 3*m**2 - 4. Give v(-2).
8
Let t(g) = g. Calculate t(6).
6
Let n(m) = -3*m**2 + 19*m - 14. Calculate n(5).
6
Let n(u) = -u**3 + 5*u**2 + 3*u + 19. Determine n(6).
1
Let t(h) = 49*h**2. Determine t(-1).
49
Let f(w) = -5*w + 2. Calculate f(2).
-8
Let w(s) = -s**2 - s. Calculate w(-1).
0
Let m(x) = x**3 - 25*x**2 + 48*x - 46. Give m(23).
0
Let c(k) = -k**3 - 11*k**2 + 15*k + 30. What is c(-12)?
-6
Let u(m) = -2*m - 6. Determine u(10).
-26
Let o(w) = w - 7. What is o(-9)?
-16
Let l(v) = -v**3 + 15*v**2 - 16*v + 24. What is l(14)?
-4
Let a(u) = -3*u + 5. What is a(4)?
-7
Let m(n) = 4*n - 66. What is m(15)?
-6
Let a(q) = q**3 + 3*q**2 - q + 2. What is a(-2)?
8
Let z(w) = -w**3 - 2*w**2 - 32*w + 5. Determine z(0).
5
Let y(l) = -7*l + 25. Determine y(3).
4
Let d(q) = -q**3 + 14*q**2 + q - 2. Give d(14).
12
Let n(a) = -a**2 - 4*a - 6. Determine n(-4).
-6
Let u(o) = -7*o + 57. Give u(11).
-20
Let g(o) = 5*o**2 - 25*o - 18. Calculate g(6).
12
Let h(b) = b**3 + 26*b**2 + 24*b - 20. Give h(-25).
5
Let g(o) = 2*o + 4. What is g(2)?
8
Let m(i) = 11*i + 42. What is m(-3)?
9
Let i(w) = w**3 + 15*w**2 - 3*w. Calculate i(-15).
45
Let u(d) = 2*d**2 + 13*d - 3. Calculate u(-7).
4
Let l(b) = 5*b - 6. What is l(-2)?
-16
Let m(o) = 24*o. What is m(1)?
24
Let w(l) = 8*l + 3. Calculate w(-4).
-29
Let y(j) = j**2 - 15*j + 6. What is y(14)?
-8
Let x(y) = y**2 + 49*y + 200. Calculate x(-4).
20
Let a(f) = -f**3 - 28*f**2 + 90*f - 97. Give a(-31).
-4
Let u(l) = -l**2 - 5*l + 16. Determine u(-8).
-8
Let t(m) = -208*m + 1240. Determine t(6).
-8
Let c(j) = -j**3 + 8*j**2 + 6*j - 6. Determine c(6).
102
Let y(w) = -w**2 + w - 13. Give y(0).
-13
Let r(z) = 3*z**2 - 7*z - 12. Give r(-4).
64
Let n(i) = 23*i**3 - i**2 - i + 2. Calculate n(1).
23
Let g(s) = -s**3 - 8*s**2 + 3*s + 28. Determine g(-8).
4
Let m(b) = -b**3 + 14*b**2 - 7*b - 9. Give m(14).
-107
Let t(h) = 4*h + 11. What is t(7)?
39
Let o(i) = 5*i + 8. Give o(-1).
3
Let x(i) = -4*i**3 - 2*i**2 - 3*i. Give x(-1).
5
Let v(c) = -3*c - 48. Determine v(17).
-99
Let z(j) = j**3 - 9*j + 3. Give z(4).
31
Let t(v) = -v**3 + 8*v**2 + 3*v + 6. Give t(8).
30
Let y(d) = -d**2 + 2*d - 15. What is y(7)?
-50
Let c(u) = u**2 - 28. Determine c(-7).
21
Let w(l) = 2*l**2 + 20*l - 8. What is w(-9)?
-26
Let q(i) = i + 9. What is q(-7)?
2
Let t(o) = 4*o**2 + 3*o + 12. Determine t(-4).
64
Let x(g) = -44*g - 262. Determine x(-6).
2
Let f(c) = -c**3 + 3*c**2 + 2*c + 5. What is f(4)?
-3
Let v(m) = 2*m**2 - 5*m - 6. What is v(-2)?
12
Let c(z) = -z**3 + 11*z**2 - 11*z + 1. Determine c(10).
-9
Let o(x) = x - 8. Determine o(-2).
-10
Let c(k) = 3*k**3 + 2*k**2 - 1. Give c(-1).
-2
Let y(d) = -2*d + 69. Determine y(33).
3
Let w(c) = -c**3 - 3*c**2 - 5*c - 8. Calculate w(-3).
7
Let b(v) = -v**3 + 6*v + 5. Give b(-2).
1
Let y(c) = -3*c**3 + 3*c - 1. Determine y(2).
-19
Let p(z) = 3*z**3 + 15*z**2 + 2*z - 3. Determine p(-5).
-13
Let n(h) = -h**2 + 8*h - 9. Give n(6).
3
Let i(x) = -4*x + 1. What is i(7)?
-27
Let r(c) = -c**2 - 11*c + 10. Calculate r(-10).
20
Let r(z) = -z**3 + 15*z**2 - 15*z + 8. Determine r(14).
-6
Let g(v) = -v**3 + 15*v**2 - 13*v - 9. Determine g(14).
5
Let n(w) = -4*w - 7. Calculate n(-5).
13
Let o(q) = q**2 - q - 30. Calculate o(0).
-30
Let y(l) = 2*l**2 + 7*l - 4. Give y(-4).
0
Let n(g) = 10*g**2 + 3*g - 1. Determine n(1).
12
Let k(w) = -3*w**2 + 77*w - 63. Determine k(25).
-13
Let a(n) = 7*n - 5. Calculate a(2).
9
Let o(f) = 3*f**3 + 12*f**2 - 9. Determine o(-4).
-9
Let y(p) = -59*p + 187. What is y(3)?
10
Let q(a) = 2*a**2 - 7*a + 17. What is q(7)?
66
Let z(h) = -h**2 - 5*h + 14. Calculate z(3).
-10
Let z(b) = -b**3 + 7*b**2 + 9*b - 15. Determine z(8).
-7
Let x(l) = 6*l + 93. What is x(-14)?
9
Let v(z) = z**3 - 9*z**2 + 7*z + 6. Determine v(8).
-2
Let f(x) = x**2 + 14*x + 8. Determine f(-11).
-25
Let r(l) = l**3 - 3*l**2 - 3*l + 12. Determine r(3).
3
Let h(x) = -x**2 + 1. Give h(-2).
-3
Let j(a) = -a**2 - a - 7. Calculate j(-6).
-37
Let n(x) = x**3 - 3*x**2 - 2*x + 2. Determine n(4).
10
Let a(z) = 20*z - 10. Calculate a(3).
50
Let v(h) = -h**2 - 2*h - 26. What is v(-8)?
-74
Let a(o) = 3*o - 2. What is a(4)?
10
Let q(j) = j**2 - 2*j - 15. Determine q(5).
0
Let i(g) = 3*g**3 + 38*g**2 - 55*g + 16. Determine i(-14).
2
Let p(v) = v**2 - v + 4. Calculate p(7).
46
Let c(h) = 2*h**2 + 15*h + 19. Give c(-6).
1
Let k(u) = 2*u**3 - 2*u. Give k(-2).
-12
Let a(m) = -m**2 - 2*m - 4. Give a(-2).
-4
Let l(v) = -v**3 - 9*v**2 - 15*v - 15. Determine l(-7).
-8
Let s(o) = o**3 + 9*o**2 -